= 36. What is the units digit of n?
0
Suppose 3*r + k - 309 = -67, 3*k = -2*r + 152. What is the units digit of r?
2
Let j = 4 + -6. Let n be 8 - (j + 1)/1. Suppose 3*b - 6*b + n = 0. What is the units digit of b?
3
Let r(v) = -4*v**3 + 2*v**3 - v**2 + 3*v**3 + 3 + 8*v**2. What is the units digit of r(-7)?
3
Let d = -4 - -3. What is the units digit of 8 + 0 + (-4 - d)?
5
Let q(d) = 7 + 1 - 6 + 7 - d. Let z be q(9). Suppose -2*n + n + h - 1 = z, -3*h + 6 = 0. What is the units digit of n?
1
Let k(b) = b**3 - 8*b**2 + 8*b + 6. Let h be k(7). Let v = h - 10. What is the units digit of v?
3
Let j = 173 - 48. What is the hundreds digit of j?
1
Suppose z = -0*m - m, -20 = -m + 3*z. Let c = m - 5. Suppose 3 = -c*g + g. What is the units digit of g?
3
Suppose -h = 7 - 8. Let m(q) = 13*q - 1. What is the units digit of m(h)?
2
Suppose -3*y + 3 = 5*k, -2*y = -5*k - 0*k - 2. Suppose 0 = -k*g + g - 7. What is the units digit of g?
7
Let r = 3 + 0. Suppose r*k = -0*k. Suppose -4 = -y - k. What is the units digit of y?
4
Let f(a) = 2*a - 7. Let l be f(7). Suppose -15 = 4*t - l*t. What is the units digit of t?
5
Suppose t + 5*l = 1, 3*l = 4*t + l - 4. Let w be -3 + -17 + t + -1. What is the units digit of 12/8*w/(-6)?
5
Suppose 5*h = -i + 118, 2*h + 4*i = 6*h - 80. Suppose 0 = -5*t - 3 + h. Let a(r) = r**3 - 3*r**2 - 3*r - 3. What is the units digit of a(t)?
1
What is the units digit of 4/(-3)*21/(-14)?
2
Let a be 1 + (3 - 1)/1. Let p be (a/4)/((-3)/(-72)). Let n = p + -11. What is the units digit of n?
7
Let l = -1 + 6. Suppose 3*o = 3*k - 33, -2*o = -0*k + l*k - 34. What is the units digit of k?
8
Suppose 0*l = -4*l + 28. Let t(i) = -i**3 + 8*i**2 - 2*i - 5. What is the tens digit of t(l)?
3
Suppose -3*l = 5*n - 2084, 4*l = 4*n + 5*l - 1663. What is the units digit of n?
5
Suppose 4*z - 5*j - 10 = 0, -2*j + j - 8 = -2*z. Suppose -z*h + 4*p + 51 = -22, -4*p + 46 = 2*h. What is the units digit of h?
7
Let o = -9 + 11. What is the units digit of 0 - -17 - (o + -3)?
8
Let n = 5 - 3. Suppose -14 = -n*y + 4. What is the units digit of y?
9
Suppose 0*r - 4*r = -80. What is the tens digit of r?
2
Let k(o) = o + 9. Suppose 0 = -2*b + 7*b. What is the units digit of k(b)?
9
Let o be -95*2/((-20)/6). Suppose 4*i = i + o. What is the tens digit of i?
1
Let p be (0 - -1)/(0 - -1). What is the tens digit of 6/(68/56 - p)?
2
Suppose -3*m - 76 = 4*k - 5*k, 339 = 4*k - 5*m. What is the tens digit of k?
9
Let a(t) = 4*t - 23. What is the tens digit of a(11)?
2
What is the tens digit of 14*((-76)/(-8) - 4)?
7
Let c(u) = 28 - 12 - u + u + u. What is the units digit of c(8)?
4
Let b = -117 - -193. What is the tens digit of b?
7
Let b be 11 + 2 + -2 - -1. Suppose 0 = 4*x - b. Suppose -2*v - q + 9 + 29 = 0, -3*v - x*q + 51 = 0. What is the units digit of v?
1
Let d = -8 - -11. Suppose 11 = d*a - 2*w, 4*a + 5*w - 1 = 6. What is the units digit of 20/(-15)*a/(-2)?
2
Let x(z) = 0*z**2 + 2 - 2*z + 4 - z**3 - 8*z**2. What is the units digit of x(-8)?
2
What is the units digit of (-5 + 3 + -1)/(-1)?
3
Let y = 43 + -24. Suppose 2*t = 8*o - 3*o - 43, -2*o - t = -y. What is the units digit of (6/(-2))/(o/(-6))?
2
Let r = -5 + 9. Suppose 25 - 5 = r*l. What is the units digit of l/((6/(-3))/(-2))?
5
Let s(h) be the second derivative of h**6/360 + h**5/120 - h**4/24 - h**3/3 + h. Let g(t) be the second derivative of s(t). What is the units digit of g(-2)?
1
Suppose 0*m - 3*m = -162. What is the units digit of m?
4
Suppose 5*u + 42 + 58 = 0. What is the units digit of u*2/(-4 - -3)?
0
Let v = -49 + 103. What is the units digit of v?
4
Suppose 5*p - 303 + 88 = 0. What is the units digit of p?
3
Suppose -4*u - 12 = -7*u. Let z be (-6)/u + (-2)/(-4). What is the units digit of (15/12)/(z/(-12))?
5
Suppose -3*h - r = -22 - 1, 4*h + 4*r = 44. Let l be h/((-6)/(-2)) + -2. Suppose l = 2*q - 0*q + 5*c - 13, -q = 4*c - 8. What is the units digit of q?
4
Let p(l) = -l**3 - 4*l**2 + 4*l. Let q be p(-5). Suppose -3*v = v - 4, 2*b - 9 = -q*v. Suppose -3*n = -5*z + b + 4, 5*n = 15. What is the units digit of z?
3
What is the tens digit of (-15)/(-25) - 207/(-5)?
4
Let d = 0 + 0. Suppose -3*a + 1 + 11 = d. Let z = a + 0. What is the units digit of z?
4
Suppose 2*y = -0*y + 2. Let n(f) = -3*f + 1. Let v be n(y). Let h = 2 - v. What is the units digit of h?
4
Let a(u) = u + 5. Let w(t) = t + 10. Let y(z) = -5*a(z) + 2*w(z). What is the units digit of y(-8)?
9
Suppose 18 = -2*m - m + 3*x, 3*m = -2*x - 3. Let h = -3 - m. Suppose 5*r - 2*n = 15, h = 4*r - 7*n + 2*n - 12. What is the units digit of r?
3
What is the units digit of ((-2)/(-8))/((-1)/(-28))?
7
Let j = -16 - -22. Let m = j - 7. Let d(x) = -13*x + 1. What is the units digit of d(m)?
4
Suppose -5*a = -2*a - g - 612, -3*g = 5*a - 1034. What is the hundreds digit of a?
2
Let b(o) = -15*o - 30. What is the tens digit of b(-7)?
7
Let b(a) = -a. Let g be (2 + -1)*-4 - 2. Let h(j) = j**3 + 5*j**2 - 6*j - 5. Let m be h(g). What is the units digit of b(m)?
5
Let o(j) = j**3 + 8*j**2 + j - 9. Let s be o(-7). Let z = -19 + s. What is the tens digit of z?
1
Let o be (-124)/(-12) + (-1)/3. Suppose 9*g = o*g - 13. What is the units digit of g?
3
Let c = -688 + 1068. What is the hundreds digit of c?
3
Suppose -4*d + 13 = 1. Suppose -3*b - t = -8, d*b - 2*b + 19 = 4*t. Suppose -n = -2 + b. What is the units digit of n?
1
Let h(g) = -3*g**2 + 4*g + 5. Let c(v) = -v**2. Let k(r) = -4*c(r) + h(r). What is the units digit of k(-4)?
5
What is the units digit of (83*1)/(5 - 4)?
3
Let b(x) = -6*x - 1. Let z be b(-1). Suppose -3*s - z*k + 49 = 0, 3*s - 2*s - 23 = -5*k. What is the tens digit of s?
1
Let f(s) = 37*s + 1. What is the units digit of f(1)?
8
What is the tens digit of -3 + 3 + (73 - (3 + 0))?
7
Let b(s) = -17*s + 9. What is the units digit of b(-7)?
8
Suppose 4*k = -4 + 40. What is the units digit of k?
9
Let x be (0 - 0) + 8/4. Suppose -x*y + 12 = y. What is the units digit of y/10 + (-40)/(-25)?
2
Let c(l) = -l**2 - 3*l + 5. What is the units digit of c(-4)?
1
Suppose -4*m - 4*c = 0, -2 = -3*m + 4*c - 9. What is the units digit of (-4)/m + (0 - 1)?
3
Let v = -41 + 89. Suppose 0 = -3*j - 0*j + v. What is the units digit of j?
6
Suppose -4*g = -7*g + 3*c + 228, 4*g - 5*c = 309. Suppose 20 = 8*h - 3*h. Suppose 0*f + 15 = f + d, 0 = -5*f - h*d + g. What is the tens digit of f?
1
What is the hundreds digit of 8/2*(-915)/(-20)?
1
Let m = -5 - -5. What is the units digit of (m + 1)/(2/14)?
7
What is the units digit of 3*(-1 - (3/(-3) + -3))?
9
Let h be 3/(-4) + (-2)/8. Let v be (1 - h)/(6/120). Suppose v = -2*s + 4*s. What is the tens digit of s?
2
Suppose -3*a = -7 + 1. Suppose -1 = -f + 4. Suppose -f*b = -3*z + 7, -4*b + z - a = -2*b. What is the units digit of b?
1
Let y(r) = r**3 + 6*r**2 - 8*r - 8. Let x = -13 + 6. Let h be y(x). What is the units digit of h*15*(-12)/20?
9
Suppose -20*f + 168 = -16*f. What is the tens digit of f?
4
Let k = 22 - 8. What is the units digit of k?
4
What is the tens digit of (18/(-12) + 1)/((-2)/672)?
6
Suppose -7*l = -2*l + 80. Let n = 4 - l. What is the units digit of n?
0
Let k = 102 + -12. What is the tens digit of k?
9
Suppose -3*r - 15 = 0, 35 = 4*l - 3*r - 0*r. What is the units digit of l?
5
Suppose -7*d - 184 = -3*d. Let t = -25 - d. What is the units digit of t?
1
Let a be 5/((-15)/(-6)) + 0. Suppose a*o + 16 + 2 = 0. Let u = -5 - o. What is the units digit of u?
4
Suppose 0 = 2*v - z - 258, -5*z = -0*z + 10. What is the hundreds digit of v?
1
Let p = 27 + 8. What is the tens digit of p?
3
Suppose 0 = 3*v + 2*v - 10. Suppose -v*w = -3*w + 3. What is the units digit of w?
3
Let z(a) = a**3 - 4*a**2 + 8*a + 18. What is the units digit of z(7)?
1
Let v be 2 + 6 - (-1 + 0). Suppose -j + 2*h + 9 = 0, 3*h + v = 3*j - 21. What is the units digit of j?
1
Suppose -9*q + 455 = -1075. What is the hundreds digit of q?
1
Let p(f) = f**2 - 2*f + 2. Let b be p(2). Suppose -b*t - 28 = -3*t. Suppose t = 3*r + r. What is the units digit of r?
7
Let t be 3/(-6)*22 + 3. What is the units digit of t/20 - 214/(-10)?
1
Let u = 1 - -1. Let s(y) = 3*y + 9. Let n be s(-3). Let z = n + u. What is the units digit of z?
2
What is the units digit of (8 - -1)*(-102)/(-9)?
2
Let h = -31 - -22. What is the units digit of (6/h)/((-10)/15)?
1
Suppose 2